 remainder when 113229087 is divided by 142?
133
Calculate the remainder when 87766 is divided by 1512.
70
Calculate the remainder when 30894527 is divided by 8171.
8147
Calculate the remainder when 14143551 is divided by 96.
63
Calculate the remainder when 156224448 is divided by 25.
23
What is the remainder when 2778166 is divided by 694539?
10
What is the remainder when 49935517 is divided by 33?
16
What is the remainder when 613343 is divided by 4946?
39
What is the remainder when 731890 is divided by 365938?
14
Calculate the remainder when 18552884 is divided by 4348.
4316
What is the remainder when 60934038 is divided by 4313?
4287
Calculate the remainder when 127958 is divided by 1129.
381
Calculate the remainder when 5387487 is divided by 9485.
7
What is the remainder when 48563577 is divided by 12?
9
What is the remainder when 32861781 is divided by 1313?
17
What is the remainder when 37475380 is divided by 23809?
14
What is the remainder when 17504779 is divided by 1445?
49
What is the remainder when 129784 is divided by 1943?
1546
Calculate the remainder when 310198 is divided by 3132.
130
Calculate the remainder when 346319 is divided by 1280.
719
Calculate the remainder when 59123 is divided by 1087.
425
Calculate the remainder when 31565748 is divided by 24.
12
What is the remainder when 1222881 is divided by 127?
125
What is the remainder when 11325107 is divided by 1504?
1491
Calculate the remainder when 6537775 is divided by 20559.
13
What is the remainder when 1719143 is divided by 858696?
1751
Calculate the remainder when 3316095 is divided by 13535.
20
What is the remainder when 310766 is divided by 2158?
14
What is the remainder when 138504 is divided by 1505?
44
What is the remainder when 53684645 is divided by 735406?
7
Calculate the remainder when 223218 is divided by 74303.
309
Calculate the remainder when 43275049 is divided by 14.
13
What is the remainder when 41505354 is divided by 380783?
7
Calculate the remainder when 202897 is divided by 7737.
1735
Calculate the remainder when 328254 is divided by 36450.
204
Calculate the remainder when 122803396 is divided by 248.
244
Calculate the remainder when 77250 is divided by 19190.
490
Calculate the remainder when 10161472 is divided by 35282.
256
Calculate the remainder when 380422 is divided by 3310.
3082
What is the remainder when 143615330 is divided by 3694?
3692
Calculate the remainder when 3870225 is divided by 645036.
9
What is the remainder when 9168249 is divided by 10?
9
What is the remainder when 2350757 is divided by 235062?
137
What is the remainder when 8121101 is divided by 8121101?
0
What is the remainder when 9360448 is divided by 3120121?
85
Calculate the remainder when 865802 is divided by 432836.
130
Calculate the remainder when 790267 is divided by 13.
10
What is the remainder when 296672610 is divided by 4851?
3
What is the remainder when 1012521 is divided by 275?
246
Calculate the remainder when 23621 is divided by 11709.
203
What is the remainder when 237452811 is divided by 65?
11
What is the remainder when 117025 is divided by 117022?
3
Calculate the remainder when 15687515 is divided by 2266.
2263
What is the remainder when 81177792 is divided by 338?
332
Calculate the remainder when 241470 is divided by 2135.
215
Calculate the remainder when 22745708 is divided by 3183.
3173
Calculate the remainder when 18159203 is divided by 932.
115
What is the remainder when 3114285 is divided by 4055?
45
What is the remainder when 5409302 is divided by 60?
2
Calculate the remainder when 10573 is divided by 716.
549
Calculate the remainder when 124226186 is divided by 2970.
2966
What is the remainder when 126363 is divided by 1982?
1497
Calculate the remainder when 451375 is divided by 112722.
487
What is the remainder when 955296 is divided by 318372?
180
What is the remainder when 3128414 is divided by 298?
10
Calculate the remainder when 15015125 is divided by 18047.
21
Calculate the remainder when 197045 is divided by 16406.
173
What is the remainder when 21012286 is divided by 337?
336
Calculate the remainder when 1591826 is divided by 62.
38
Calculate the remainder when 738359 is divided by 1920.
1079
What is the remainder when 260077137 is divided by 20?
17
Calculate the remainder when 3953386 is divided by 1560.
346
What is the remainder when 213763545 is divided by 13?
8
What is the remainder when 484647 is divided by 603?
438
Calculate the remainder when 2847596 is divided by 87.
86
What is the remainder when 10375384 is divided by 70?
54
Calculate the remainder when 101531768 is divided by 49.
44
What is the remainder when 51104 is divided by 1540?
284
What is the remainder when 17880730 is divided by 1099?
0
Calculate the remainder when 84812 is divided by 3809.
1014
Calculate the remainder when 6730 is divided by 392.
66
What is the remainder when 487328 is divided by 9945?
23
Calculate the remainder when 177610 is divided by 1600.
10
Calculate the remainder when 55956 is divided by 437.
20
Calculate the remainder when 17660513 is divided by 3143.
3139
What is the remainder when 10305707 is divided by 42?
41
Calculate the remainder when 860980 is divided by 286943.
151
Calculate the remainder when 107635686 is divided by 1382.
1380
Calculate the remainder when 28047575 is divided by 28047575.
0
What is the remainder when 3685960 is divided by 131634?
208
Calculate the remainder when 533397 is divided by 168.
165
Calculate the remainder when 789058 is divided by 23.
20
What is the remainder when 355689 is divided by 355518?
171
What is the remainder when 166381 is divided by 14836?
3185
What is the remainder when 372961 is divided by 22671?
10225
Calculate the remainder when 58937 is divided by 13146.
6353
What is the remainder when 236376795 is divided by 1302?
1299
What is the remainder when 2481804 is divided by 2412?
2268
What is the remainder when 28713722 is divided by 38?
10
Calculate the remainder when 14422459 is divided by 1008.
1003
What is the remainder when 471415 is divided by 78545?
145
What is the remainder when 298093 is divided by 21?
19
What is the remainder when 17811821 is divided by 148?
21
What is the remainder when 3644641 is divided by 280351?
78
Calculate the remainder when 19170763 is divided by 8423.
15
What is the remainder when 907918 is divided by 813?
610
What is the remainder when 38542436 is divided by 2569495?
11
What is the remainder when 185188 is divided by 185093?
95
Calculate the remainder when 944474 is divided by 75.
74
What is the remainder when 424242 is divided by 70547?
960
What is the remainder when 2106804 is divided by 1556?
1536
Calculate the remainder when 706181 is divided by 3218.
1439
Calculate the remainder when 1329645 is divided by 443067.
444
Calculate the remainder when 1781822 is divided by 2856.
2534
Calculate the remainder when 74164279 is divided by 488.
479
What is the remainder when 468683317 is divided by 452?
449
Calculate the remainder when 77276 is divided by 28.
24
Calculate the remainder when 230408 is divided by 20946.
2
What is the remainder when 205001 is divided by 1776?
761
Calculate the remainder when 420225376 is divided by 11.
10
Calculate the remainder when 319834 is divided by 79955.
14
What is the remainder when 105496 is divided by 52536?
424
What is the remainder when 96321893 is divided by 572?
525
Calculate the remainder when 5034944 is divided by 2517206.
532
Calculate the remainder when 51201 is divided by 346.
339
Calculate the remainder when 1251197 is divided by 417042.
71
Calculate the remainder when 8334 is divided by 6482.
1852
What is the remainder when 142859 is divided by 8733?
3131
What is the remainder when 81433859 is divided by 539297?
12
What is the remainder when 25538042 is divided by 17?
13
Calculate the remainder when 9711165 is divided by 532.
37
What is the remainder when 330555 is divided by 47211?
78
What is the remainder when 170569 is divided by 56843?
40
What is the remainder when 69021766 is divided by 2839?
2837
Calculate the remainder when 2554650 is divided by 16918.
32
Calculate the remainder when 101987701 is divided by 299.
296
Calculate the remainder when 1275172 is divided by 215.
7
Calculate the remainder when 1925501